{"id":440,"date":"2026-08-26T09:22:16","date_gmt":"2026-08-26T09:22:16","guid":{"rendered":"https:\/\/autocarsfont.cat\/?page_id=440"},"modified":"2026-08-26T09:22:16","modified_gmt":"2026-08-26T09:22:16","slug":"avis-legal","status":"publish","type":"page","link":"https:\/\/autocarsfont.cat\/index.php\/avis-legal\/","title":{"rendered":"AV\u00cdS LEGAL"},"content":{"rendered":"\n<p class=\"wp-block-paragraph\">AV\u00cdS LEGAL de www.autocarsfont.cat<br>En compliment de la Llei 34\/2002, d&#8217;11 de juliol, de Serveis de la Societat de la Informaci\u00f3 i de Comer\u00e7 Electr\u00f2nic (LSSI-CE), AUTOCARS FONT SEGUR VIATGES, S.L. informa que \u00e9s titular del lloc web. D&#8217;acord amb l&#8217;exig\u00e8ncia de l&#8217;article 10 de la citada Llei, AUTOCARS FONT SEGUR VIATGES, S.L. informa de les seg\u00fcents dades:<\/p>\n\n\n\n<ul class=\"wp-block-list\">\n<li>RA\u00d3 SOCIAL: AUTOCARS FONT SEGUR VIATGES, S.L.<\/li>\n\n\n\n<li>NIF: B60097250<\/li>\n\n\n\n<li>DOMINI: www.autocarsfont.cat<\/li>\n\n\n\n<li>ADRE\u00c7A POSTAL: RAMBLA \u00c0NGEL GUIMER\u00c0, 11-17, 08328 ALELLA (BARCELONA)<\/li>\n\n\n\n<li>ADRE\u00c7A ELECTR\u00d2NICA: info@autocarsfont.com<\/li>\n\n\n\n<li>TEL\u00c8FONS: 935552293<\/li>\n<\/ul>\n\n\n\n<p class=\"wp-block-paragraph\"><strong>Usuari i r\u00e8gim de responsabilitats<br><\/strong>La navegaci\u00f3, acc\u00e9s i \u00fas pel lloc web d&#8217;AUTOCARS FONT SEGUR VIATGES, S.L. confereix la condici\u00f3 d&#8217;usuari.<br>El lloc web d&#8217;AUTOCARS FONT SEGUR VIATGES, S.L. proporciona una gran diversitat d&#8217;informaci\u00f3, serveis i dades. L&#8217;usuari assumeix la seva responsabilitat en l&#8217;\u00fas correcte del lloc web. Aquesta responsabilitat s&#8217;estendr\u00e0 a:<\/p>\n\n\n\n<ul class=\"wp-block-list\">\n<li>La veracitat i licitud de les informacions aportades per l&#8217;usuari en els formularis estesos per AUTOCARS FONT SEGUR VIATGES, S.L. per a l&#8217;acc\u00e9s a certs continguts o serveis oferts pel web.<\/li>\n\n\n\n<li>L&#8217;\u00fas de la informaci\u00f3, serveis i dades ofertes per AUTOCARS FONT SEGUR VIATGES, S.L. contr\u00e0riament al que disposen aquestes condicions, la Llei, la moral, els bons costums o l&#8217;ordre p\u00fablic, o que de qualsevol altra manera puguin suposar una lesi\u00f3 dels drets de tercers o del mateix funcionament del lloc web.<\/li>\n<\/ul>\n\n\n\n<p class=\"wp-block-paragraph\"><strong>Pol\u00edtica d&#8217;enlla\u00e7os i exempcions de responsabilitat<br><\/strong>AUTOCARS FONT SEGUR VIATGES, S.L. no es fa responsable del contingut dels llocs web als quals l&#8217;usuari pugui accedir a trav\u00e9s dels enlla\u00e7os establerts al seu lloc web, sempre que no tingui coneixement efectiu que l&#8217;activitat o la informaci\u00f3 a la qual remet o recomana \u00e9s il\u00b7l\u00edcita o que lesiona b\u00e9ns o drets d&#8217;un tercer susceptibles d&#8217;indemnitzaci\u00f3, o, en cas de tenir-ne, actu\u00ef amb dilig\u00e8ncia per suprimir o inutilitzar l&#8217;enlla\u00e7 corresponent.<\/p>\n\n\n\n<p class=\"wp-block-paragraph\">S&#8217;entendr\u00e0 que AUTOCARS FONT SEGUR VIATGES, S.L. t\u00e9 el coneixement efectiu a qu\u00e8 es refereix el par\u00e0graf anterior quan un \u00f2rgan competent hagi declarat la il\u00b7licitud de les dades, n&#8217;hagi ordenat la retirada o que s&#8217;hi impossibiliti l&#8217;acc\u00e9s, o s&#8217;hagu\u00e9s declarat l&#8217;exist\u00e8ncia de la lesi\u00f3, i AUTOCARS FONT SEGUR VIATGES, S.L. conegu\u00e9s la corresponent resoluci\u00f3, sense perjudici dels procediments de detecci\u00f3 i retirada de continguts que AUTOCARS FONT SEGUR VIATGES, S.L. apliqui en virtut d&#8217;acords voluntaris i d&#8217;altres mitjans de coneixement efectiu que es poguessin establir.<\/p>\n\n\n\n<p class=\"wp-block-paragraph\">AUTOCARS FONT SEGUR VIATGES, S.L. declara haver adoptat totes les mesures necess\u00e0ries per evitar qualsevol dany als usuaris del seu lloc web que es poguessin derivar de la navegaci\u00f3 pel seu lloc web. En conseq\u00fc\u00e8ncia, AUTOCARS FONT SEGUR VIATGES, S.L. no es fa responsable, en cap cas, dels eventuals danys que per la navegaci\u00f3 per Internet pogu\u00e9s patir l&#8217;usuari. Aix\u00ed mateix, tampoc garantir\u00e0 la disponibilitat t\u00e8cnica, exactitud, veracidad, validesa o legalitat de llocs aliens a la seva propietat als quals es pugui accedir per mitj\u00e0 dels enlla\u00e7os.<\/p>\n\n\n\n<p class=\"wp-block-paragraph\"><strong>Modificacions<br><\/strong>AUTOCARS FONT SEGUR VIATGES, S.L. es reserva la facultat d&#8217;efectuar, en qualsevol moment i sense necessitat de previ av\u00eds, modificacions i actualitzacions de la informaci\u00f3 continguda al seu lloc web o en la configuraci\u00f3 i presentaci\u00f3 d&#8217;aquest. Amb l&#8217;objecte de mantenir actualitzada la informaci\u00f3 publicada, els continguts d&#8217;aquest podran ser modificats, corregits, eliminats o afegits en qualsevol moment, per qualsevol forma admissible en dret.<\/p>\n\n\n\n<p class=\"wp-block-paragraph\"><strong>Indicaci\u00f3 de preus<br><\/strong>En cas que es mostrin preus de productes i\/o serveis, els indicats en pantalla seran els vigents en cada moment. Els preus seran indicats en euros i tindran incorporat l&#8217;Impost sobre el Valor Afegit (IVA). En cas que no s&#8217;incorpori l&#8217;IVA en el preu, s&#8217;indicar\u00e0 de manera expressa i es permetr\u00e0 a l&#8217;usuari visualitzar el preu final complet.<\/p>\n\n\n\n<p class=\"wp-block-paragraph\">Aix\u00ed mateix, si fos aplicable qualsevol altre impost, aix\u00ed s&#8217;indicaria, incloent-hi, si escau, l&#8217;import dels increments o descomptes que siguin d&#8217;aplicaci\u00f3 a l&#8217;oferta i les despeses addicionals que puguin repercutir en el consumidor o usuari.<\/p>\n\n\n\n<p class=\"wp-block-paragraph\"><strong>Propietat intel\u00b7lectual e industrial<br><\/strong>AUTOCARS FONT SEGUR VIATGES, S.L. per si mateixa o com a cession\u00e0ria, \u00e9s titular de tots els drets de propietat intel\u00b7lectual e industrial de la seva p\u00e0gina web, aix\u00ed com dels elements continguts en aquesta (a t\u00edtol enunciatiu, imatges, so, \u00e0udio, v\u00eddeo, programari o textos; marques o logotips, combinacions de colors, estructura i disseny, selecci\u00f3 de materials usats, programes d&#8217;ordinador necessaris per al seu funcionament, acc\u00e9s i \u00fas, etc.), titularitat d&#8217;AUTOCARS FONT SEGUR VIATGES, S.L.. Seran, per tant, obres protegides com a propietat intel\u00b7lectual per l&#8217;ordenament jur\u00eddic espanyol, i els ser\u00e0 aplicable tant la normativa espanyola i comunit\u00e0ria en aquest camp, com els tractats internacionals relatius a la mat\u00e8ria i subscrits per Espanya.<\/p>\n\n\n\n<p class=\"wp-block-paragraph\">Tots els drets reservats. En virtut del que disposa la Llei de Propietat Intel\u00b7lectual, queden expressament prohibides la reproducci\u00f3, la distribuci\u00f3 i la comunicaci\u00f3 p\u00fablica, inclosa la seva modalitat de posada a disposici\u00f3, de la totalitat o part dels continguts d&#8217;aquesta p\u00e0gina web, amb fins comercials, en qualsevol suport i per qualsevol mitj\u00e0 t\u00e8cnic, sense l&#8217;autoritzaci\u00f3 d&#8217;AUTOCARS FONT SEGUR VIATGES, S.L..<\/p>\n\n\n\n<p class=\"wp-block-paragraph\">L&#8217;usuari es compromet a respectar els drets de Propietat Intel\u00b7lectual e Industrial titularitat d&#8217;AUTOCARS FONT SEGUR VIATGES, S.L.. Podr\u00e0 visualitzar els elements del portal i fins i tot imprimir-los, copiar-los i emmagatzemar-los al disc dur del seu ordinador o en qualsevol altre suport f\u00edsic sempre que sigui, \u00fanica i exclusivament, per al seu \u00fas personal i privat. L&#8217;usuari s&#8217;haur\u00e0 d&#8217;abstenir de suprimir, alterar, eludir o manipular qualsevol dispositiu de protecci\u00f3 o sistema de seguretat que estigu\u00e9s instal\u00b7lat a les p\u00e0gines d&#8217;AUTOCARS FONT SEGUR VIATGES, S.L..<\/p>\n\n\n\n<p class=\"wp-block-paragraph\"><strong>Accions legals, legislaci\u00f3 aplicable i jurisdicci\u00f3<br><\/strong>Si l&#8217;usuari desitja presentar una reclamaci\u00f3, haur\u00e0 de contactar mitjan\u00e7ant el correu electr\u00f2nic info@autocarsfont.com. Aix\u00ed mateix, AUTOCARS FONT SEGUR VIATGES, S.L. disposa de fulls oficials de reclamaci\u00f3 a disposici\u00f3 dels consumidors i usuaris.<\/p>\n\n\n\n<p class=\"wp-block-paragraph\">AUTOCARS FONT SEGUR VIATGES, S.L. es reserva la facultat de presentar les accions civils o penals que consideri oportunes per la utilitzaci\u00f3 indeguda del seu lloc web i continguts, o pel incompliment d&#8217;aquestes condicions.<\/p>\n\n\n\n<p class=\"wp-block-paragraph\">La relaci\u00f3 entre l&#8217;usuari i el prestador es regir\u00e0 per la normativa vigent i d&#8217;aplicaci\u00f3 en el territori espanyol. Si sorgeix qualsevol controv\u00e8rsia, les parts podran sotmetre els seus conflictes a arbitratge o acudir a la jurisdicci\u00f3 ordin\u00e0ria complint amb les normes sobre jurisdicci\u00f3 i compet\u00e8ncia al respecte.<\/p>\n\n\n\n<p class=\"wp-block-paragraph\"><strong>\u00daltima actualitzaci\u00f3:<\/strong> 18 de setembre de 2025<\/p>\n","protected":false},"excerpt":{"rendered":"<p>AV\u00cdS LEGAL de www.autocarsfont.catEn compliment de la Llei 34\/2002, d&#8217;11 de juliol, de Serveis de la Societat de la Informaci\u00f3 i de Comer\u00e7 Electr\u00f2nic (LSSI-CE), AUTOCARS FONT SEGUR VIATGES, S.L. informa que \u00e9s titular del lloc web. D&#8217;acord amb l&#8217;exig\u00e8ncia de l&#8217;article 10 de la citada Llei, AUTOCARS FONT SEGUR VIATGES, S.L. informa de les [&hellip;]<\/p>\n","protected":false},"author":1,"featured_media":0,"parent":0,"menu_order":0,"comment_status":"closed","ping_status":"closed","template":"","meta":{"gt_page_layout":"","gt_hide_page_title":false,"gt_remove_bottom_margin":false,"footnotes":""},"class_list":["post-440","page","type-page","status-publish","hentry"],"_links":{"self":[{"href":"https:\/\/autocarsfont.cat\/index.php\/wp-json\/wp\/v2\/pages\/440","targetHints":{"allow":["GET"]}}],"collection":[{"href":"https:\/\/autocarsfont.cat\/index.php\/wp-json\/wp\/v2\/pages"}],"about":[{"href":"https:\/\/autocarsfont.cat\/index.php\/wp-json\/wp\/v2\/types\/page"}],"author":[{"embeddable":true,"href":"https:\/\/autocarsfont.cat\/index.php\/wp-json\/wp\/v2\/users\/1"}],"replies":[{"embeddable":true,"href":"https:\/\/autocarsfont.cat\/index.php\/wp-json\/wp\/v2\/comments?post=440"}],"version-history":[{"count":1,"href":"https:\/\/autocarsfont.cat\/index.php\/wp-json\/wp\/v2\/pages\/440\/revisions"}],"predecessor-version":[{"id":441,"href":"https:\/\/autocarsfont.cat\/index.php\/wp-json\/wp\/v2\/pages\/440\/revisions\/441"}],"wp:attachment":[{"href":"https:\/\/autocarsfont.cat\/index.php\/wp-json\/wp\/v2\/media?parent=440"}],"curies":[{"name":"wp","href":"https:\/\/api.w.org\/{rel}","templated":true}]}}

AVÍS LEGAL

<p class="wp-block-paragraph">AVÍS LEGAL de www.autocarsfont.cat<br>En compliment de la Llei 34/2002, d&#8217;11 de juliol, de Serveis de la Societat de la Informació i de Comerç Electrònic (LSSI-CE), AUTOCARS FONT SEGUR VIATGES, S.L. informa que és titular del lloc web. D&#8217;acord amb l&#8217;exigència de l&#8217;article 10 de la citada Llei, AUTOCARS FONT SEGUR VIATGES, S.L. informa de les següents dades:</p>



<ul class="wp-block-list">
<li>RAÓ SOCIAL: AUTOCARS FONT SEGUR VIATGES, S.L.</li>



<li>NIF: B60097250</li>



<li>DOMINI: www.autocarsfont.cat</li>



<li>ADREÇA POSTAL: RAMBLA ÀNGEL GUIMERÀ, 11-17, 08328 ALELLA (BARCELONA)</li>



<li>ADREÇA ELECTRÒNICA: info@autocarsfont.com</li>



<li>TELÈFONS: 935552293</li>
</ul>



<p class="wp-block-paragraph"><strong>Usuari i règim de responsabilitats<br></strong>La navegació, accés i ús pel lloc web d&#8217;AUTOCARS FONT SEGUR VIATGES, S.L. confereix la condició d&#8217;usuari.<br>El lloc web d&#8217;AUTOCARS FONT SEGUR VIATGES, S.L. proporciona una gran diversitat d&#8217;informació, serveis i dades. L&#8217;usuari assumeix la seva responsabilitat en l&#8217;ús correcte del lloc web. Aquesta responsabilitat s&#8217;estendrà a:</p>



<ul class="wp-block-list">
<li>La veracitat i licitud de les informacions aportades per l&#8217;usuari en els formularis estesos per AUTOCARS FONT SEGUR VIATGES, S.L. per a l&#8217;accés a certs continguts o serveis oferts pel web.</li>



<li>L&#8217;ús de la informació, serveis i dades ofertes per AUTOCARS FONT SEGUR VIATGES, S.L. contràriament al que disposen aquestes condicions, la Llei, la moral, els bons costums o l&#8217;ordre públic, o que de qualsevol altra manera puguin suposar una lesió dels drets de tercers o del mateix funcionament del lloc web.</li>
</ul>



<p class="wp-block-paragraph"><strong>Política d&#8217;enllaços i exempcions de responsabilitat<br></strong>AUTOCARS FONT SEGUR VIATGES, S.L. no es fa responsable del contingut dels llocs web als quals l&#8217;usuari pugui accedir a través dels enllaços establerts al seu lloc web, sempre que no tingui coneixement efectiu que l&#8217;activitat o la informació a la qual remet o recomana és il·lícita o que lesiona béns o drets d&#8217;un tercer susceptibles d&#8217;indemnització, o, en cas de tenir-ne, actuï amb diligència per suprimir o inutilitzar l&#8217;enllaç corresponent.</p>



<p class="wp-block-paragraph">S&#8217;entendrà que AUTOCARS FONT SEGUR VIATGES, S.L. té el coneixement efectiu a què es refereix el paràgraf anterior quan un òrgan competent hagi declarat la il·licitud de les dades, n&#8217;hagi ordenat la retirada o que s&#8217;hi impossibiliti l&#8217;accés, o s&#8217;hagués declarat l&#8217;existència de la lesió, i AUTOCARS FONT SEGUR VIATGES, S.L. conegués la corresponent resolució, sense perjudici dels procediments de detecció i retirada de continguts que AUTOCARS FONT SEGUR VIATGES, S.L. apliqui en virtut d&#8217;acords voluntaris i d&#8217;altres mitjans de coneixement efectiu que es poguessin establir.</p>



<p class="wp-block-paragraph">AUTOCARS FONT SEGUR VIATGES, S.L. declara haver adoptat totes les mesures necessàries per evitar qualsevol dany als usuaris del seu lloc web que es poguessin derivar de la navegació pel seu lloc web. En conseqüència, AUTOCARS FONT SEGUR VIATGES, S.L. no es fa responsable, en cap cas, dels eventuals danys que per la navegació per Internet pogués patir l&#8217;usuari. Així mateix, tampoc garantirà la disponibilitat tècnica, exactitud, veracidad, validesa o legalitat de llocs aliens a la seva propietat als quals es pugui accedir per mitjà dels enllaços.</p>



<p class="wp-block-paragraph"><strong>Modificacions<br></strong>AUTOCARS FONT SEGUR VIATGES, S.L. es reserva la facultat d&#8217;efectuar, en qualsevol moment i sense necessitat de previ avís, modificacions i actualitzacions de la informació continguda al seu lloc web o en la configuració i presentació d&#8217;aquest. Amb l&#8217;objecte de mantenir actualitzada la informació publicada, els continguts d&#8217;aquest podran ser modificats, corregits, eliminats o afegits en qualsevol moment, per qualsevol forma admissible en dret.</p>



<p class="wp-block-paragraph"><strong>Indicació de preus<br></strong>En cas que es mostrin preus de productes i/o serveis, els indicats en pantalla seran els vigents en cada moment. Els preus seran indicats en euros i tindran incorporat l&#8217;Impost sobre el Valor Afegit (IVA). En cas que no s&#8217;incorpori l&#8217;IVA en el preu, s&#8217;indicarà de manera expressa i es permetrà a l&#8217;usuari visualitzar el preu final complet.</p>



<p class="wp-block-paragraph">Així mateix, si fos aplicable qualsevol altre impost, així s&#8217;indicaria, incloent-hi, si escau, l&#8217;import dels increments o descomptes que siguin d&#8217;aplicació a l&#8217;oferta i les despeses addicionals que puguin repercutir en el consumidor o usuari.</p>



<p class="wp-block-paragraph"><strong>Propietat intel·lectual e industrial<br></strong>AUTOCARS FONT SEGUR VIATGES, S.L. per si mateixa o com a cessionària, és titular de tots els drets de propietat intel·lectual e industrial de la seva pàgina web, així com dels elements continguts en aquesta (a títol enunciatiu, imatges, so, àudio, vídeo, programari o textos; marques o logotips, combinacions de colors, estructura i disseny, selecció de materials usats, programes d&#8217;ordinador necessaris per al seu funcionament, accés i ús, etc.), titularitat d&#8217;AUTOCARS FONT SEGUR VIATGES, S.L.. Seran, per tant, obres protegides com a propietat intel·lectual per l&#8217;ordenament jurídic espanyol, i els serà aplicable tant la normativa espanyola i comunitària en aquest camp, com els tractats internacionals relatius a la matèria i subscrits per Espanya.</p>



<p class="wp-block-paragraph">Tots els drets reservats. En virtut del que disposa la Llei de Propietat Intel·lectual, queden expressament prohibides la reproducció, la distribució i la comunicació pública, inclosa la seva modalitat de posada a disposició, de la totalitat o part dels continguts d&#8217;aquesta pàgina web, amb fins comercials, en qualsevol suport i per qualsevol mitjà tècnic, sense l&#8217;autorització d&#8217;AUTOCARS FONT SEGUR VIATGES, S.L..</p>



<p class="wp-block-paragraph">L&#8217;usuari es compromet a respectar els drets de Propietat Intel·lectual e Industrial titularitat d&#8217;AUTOCARS FONT SEGUR VIATGES, S.L.. Podrà visualitzar els elements del portal i fins i tot imprimir-los, copiar-los i emmagatzemar-los al disc dur del seu ordinador o en qualsevol altre suport físic sempre que sigui, única i exclusivament, per al seu ús personal i privat. L&#8217;usuari s&#8217;haurà d&#8217;abstenir de suprimir, alterar, eludir o manipular qualsevol dispositiu de protecció o sistema de seguretat que estigués instal·lat a les pàgines d&#8217;AUTOCARS FONT SEGUR VIATGES, S.L..</p>



<p class="wp-block-paragraph"><strong>Accions legals, legislació aplicable i jurisdicció<br></strong>Si l&#8217;usuari desitja presentar una reclamació, haurà de contactar mitjançant el correu electrònic info@autocarsfont.com. Així mateix, AUTOCARS FONT SEGUR VIATGES, S.L. disposa de fulls oficials de reclamació a disposició dels consumidors i usuaris.</p>



<p class="wp-block-paragraph">AUTOCARS FONT SEGUR VIATGES, S.L. es reserva la facultat de presentar les accions civils o penals que consideri oportunes per la utilització indeguda del seu lloc web i continguts, o pel incompliment d&#8217;aquestes condicions.</p>



<p class="wp-block-paragraph">La relació entre l&#8217;usuari i el prestador es regirà per la normativa vigent i d&#8217;aplicació en el territori espanyol. Si sorgeix qualsevol controvèrsia, les parts podran sotmetre els seus conflictes a arbitratge o acudir a la jurisdicció ordinària complint amb les normes sobre jurisdicció i competència al respecte.</p>



<p class="wp-block-paragraph"><strong>Última actualització:</strong> 18 de setembre de 2025</p>

<p>AVÍS LEGAL de www.autocarsfont.catEn compliment de la Llei 34/2002, d&#8217;11 de juliol, de Serveis de la Societat de la Informació i de Comerç Electrònic (LSSI-CE), AUTOCARS FONT SEGUR VIATGES, S.L. informa que és titular del lloc web. D&#8217;acord amb l&#8217;exigència de l&#8217;article 10 de la citada Llei, AUTOCARS FONT SEGUR VIATGES, S.L. informa de les [&hellip;]</p>
